9 a prime number?
True
Is 855280033 composite?
False
Is 82579833047 a composite number?
False
Is 1030776911 a composite number?
True
Is 15501868997 prime?
False
Is 8704291711 a composite number?
True
Is 434980267463 a composite number?
True
Is 29063483371 prime?
False
Is 8416911527 prime?
True
Is 17891668901 a prime number?
True
Is 92522883379 a composite number?
True
Is 853222397 a composite number?
False
Is 7034622097 composite?
True
Is 122886740807 a prime number?
True
Is 112614097 a prime number?
True
Is 544277063 composite?
True
Is 1780193837 prime?
True
Is 1600622273 prime?
False
Is 13906989731 prime?
True
Is 13709600171 prime?
False
Is 41269680521 a prime number?
False
Is 162166133587 a composite number?
False
Is 12612058103 prime?
True
Is 10953999701 a composite number?
False
Is 2110170379 a composite number?
True
Is 1119111617 composite?
True
Is 3665699293 a prime number?
False
Is 25106555819 prime?
False
Is 4683182017 a composite number?
False
Is 40787459 prime?
True
Is 666960191 a composite number?
False
Is 54644801101 a prime number?
False
Is 3565953163 a composite number?
False
Is 41407356999 prime?
False
Is 1739414759 a composite number?
False
Is 332841989 composite?
False
Is 6091063819 a composite number?
False
Is 324354451 composite?
False
Is 13419790367 a composite number?
False
Is 3858593521 a composite number?
True
Is 11068814573 composite?
False
Is 2429407997 a composite number?
False
Is 41123562127 prime?
True
Is 1032883409 a composite number?
False
Is 11142302573 composite?
False
Is 1870246967 composite?
False
Is 3087179759 a composite number?
False
Is 31399959 composite?
True
Is 65542041229 a prime number?
False
Is 872963059 composite?
True
Is 2563309049 prime?
False
Is 726381347 prime?
False
Is 173843624263 prime?
False
Is 9696956743 a composite number?
False
Is 28344181223 a composite number?
True
Is 55453213 prime?
False
Is 1313409989 a prime number?
True
Is 25223972659 composite?
False
Is 43125702401 prime?
True
Is 861347747 prime?
False
Is 252096012043 composite?
True
Is 3265042733 a composite number?
True
Is 39293711 composite?
False
Is 2524324279 a composite number?
False
Is 56910409383 composite?
True
Is 426537343 a composite number?
True
Is 3857363882 a prime number?
False
Is 33516973549 a prime number?
True
Is 11709984097 prime?
False
Is 2306889463 prime?
False
Is 121897613 composite?
False
Is 4748899283 a composite number?
False
Is 17800697839 composite?
True
Is 21110721757 prime?
True
Is 512353397 a prime number?
True
Is 951780239 prime?
False
Is 2456421797 prime?
False
Is 6087826679 a composite number?
True
Is 1599885019 composite?
True
Is 165788392009 a prime number?
True
Is 996615923 prime?
False
Is 24848539693 a composite number?
True
Is 61155512501 prime?
True
Is 79773835 a prime number?
False
Is 5240000159 prime?
True
Is 260038445 composite?
True
Is 321509 prime?
True
Is 5201702461 composite?
True
Is 3975848231 a composite number?
True
Is 5521749587 a composite number?
True
Is 2553902783 prime?
True
Is 8974668491 a composite number?
True
Is 2669775943 a prime number?
False
Is 196837698251 a composite number?
True
Is 19898252749 a composite number?
True
Is 7954752317 prime?
True
Is 3206061073 composite?
False
Is 1213146742 composite?
True
Is 32274221261 a composite number?
False
Is 305678963 composite?
False
Is 4822121497 composite?
False
Is 11939062169 composite?
True
Is 17839747 prime?
False
Is 24973418647 a prime number?
True
Is 11339329377 prime?
False
Is 6953855587 a prime number?
False
Is 6438782807 prime?
True
Is 14084312891 a composite number?
True
Is 42018245123 prime?
False
Is 5543470219 a composite number?
True
Is 123517903 composite?
True
Is 7563188741 a prime number?
True
Is 15401021017 prime?
True
Is 2119224733 a prime number?
True
Is 5981066099 composite?
False
Is 7514415763 prime?
False
Is 562299641 a prime number?
True
Is 998568811 prime?
True
Is 1157273519 a prime number?
False
Is 11219109469 composite?
False
Is 413242259 composite?
True
Is 33406094153 prime?
False
Is 804172591 prime?
True
Is 34725289031 a composite number?
True
Is 954694057 a prime number?
True
Is 284437807 a composite number?
False
Is 125854497737 prime?
False
Is 256437479 composite?
True
Is 43174561 composite?
False
Is 13668910558 composite?
True
Is 78001916477 a prime number?
True
Is 913707649 prime?
True
Is 41326391 composite?
False
Is 282796211 a composite number?
False
Is 369749482 composite?
True
Is 1163898277 prime?
True
Is 876637213 a composite number?
True
Is 7651300205 a composite number?
True
Is 832521269 prime?
True
Is 39431401031 prime?
False
Is 1738096339 a composite number?
True
Is 6656822533 a prime number?
False
Is 54881867 a composite number?
True
Is 2060689439 composite?
True
Is 49946402981 composite?
False
Is 3482099501 a prime number?
False
Is 7333538383 a composite number?
True
Is 47612918473 composite?
True
Is 78442320503 a composite number?
False
Is 700172370185 a prime number?
False
Is 82788823409 a composite number?
True
Is 14403896027 a composite number?
True
Is 37468384735 a prime number?
False
Is 44750417045 prime?
False
Is 36334793741 a prime number?
True
Is 1996515431 prime?
False
Is 4181733043 a prime number?
False
Is 866659187 prime?
True
Is 5018379403 a composite number?
False
Is 286940629 composite?
False
Is 23473174639 a prime number?
False
Is 3197076773 a composite number?
True
Is 614421303 a composite number?
True
Is 4340976851 a prime number?
True
Is 1024474499 composite?
True
Is 11684784079 a prime number?
True
Is 2735917777 prime?
True
Is 56958341653 composite?
True
Is 15155902423 a prime number?
False
Is 6987805661 composite?
False
Is 1125805201 a prime number?
False
Is 45978164077 prime?
False
Is 18091856411 a composite number?
True
Is 5400239939 composite?
False
Is 9151142947 a composite number?
True
Is 266088463 a composite number?
False
Is 942255701 a composite number?
False
Is 4624099 prime?
True
Is 22362037 prime?
False
Is 24514193635 a composite number?
True
Is 2484269293 a prime number?
False
Is 3478851529 prime?
False
Is 2568005639 a composite number?
True
Is 15963441859 a prime number?
False
Is 109658179 composite?
False
Is 23074464359 prime?
True
Is 160238837347 prime?
True
Is 2651316901 a prime number?
False
Is 798540973 composite?
True
Is 283007701 a prime number?
False
Is 10358067869 prime?
True
Is 10000736387 a composite number?
True
Is 10636568561 a prime number?
True
Is 6441549991 prime?
False
Is 5181568219 prime?
False
Is 548533787 a prime number?
True
Is 5629474101 a prime number?
False
Is 28385167793 a prime number?
True
Is 364388851 a prime number?
True
Is 637549751 a composite number?
True
Is 130020841 prime?
True
Is 2966247497 composite?
False
Is 36840043 prime?
False
Is 825963941 a composite number?
True
Is 147182701583 a composite number?
True
Is 61188977 prime?
False
Is 45352971737 a composite number?
False
Is 1883077907 a composite number?
False
Is 7899555871 prime?
True
Is 17493177859 a prime number?
True
Is 8105180509 composite?
False
Is 202276703 a composite number?
True
Is 5155912453 composite?
False
Is 7349068109 prime?
True
Is 9699860059 composite?
False
Is 42156479 composite?
True
Is 1192485527 a prime number?
True
Is 19014580469 a composite number?
False
Is 11085142829 a prime number?
True
Is 7129183537 a prime number?
False
Is 3255054623 composite?
False
Is 193418941649 composite?
False
Is 7118433563 a prime number?
True
Is 277822717 a composite number?
True
Is 165903743 prime?
False
Is 6007936579 a composite number?
True
Is 31761535037 composite?
True
Is 1016306183 a prime number?
False
Is 620423377 a prime number?
False
Is 1310080543 composite?
False
Is 3856164073 prime?
True
Is 574316243 a prime number?
False
Is 807251339 a prime number?
False
Is 16533262133 prime?
True
Is 6299367299 composite?
False
Is 412754249 a prime number?
True
Is 88399358153 a composite number?
True
Is 15733218283 a composite number?
False
Is 12951387149 prime?
False
Is 85682943683 composite?
False
Is 473252419 composite?
True
Is 7091610803 composite?
False
Is 62594513167 composite?
False
Is 1170514097 prime?
False
Is 1257963013 a prime number?
False
Is 6152573 a prime number?
False
Is 5110172939 prime?
False
Is 198358606261 prime?
True
Is 2467978897 prime?
Tr